se 10 = 2*p - 86. Calculate the remainder when p is divided by 13.
9
Let h(j) = -3 - 2*j + 3*j + j**3 - 2*j**2 + 4. Calculate the remainder when 50 is divided by h(3).
11
Let u(i) = i**2 + 14*i + 14. Calculate the remainder when 41 is divided by u(-14).
13
Let d = -4 + 9. Let v = -2 + d. What is the remainder when 3 is divided by v?
0
Let k = -77 + 120. Calculate the remainder when k is divided by 12.
7
Suppose 16*n - 2*n = 966. What is the remainder when n is divided by 6?
3
Let x(d) = 5*d + 2. Let c(z) = -z. Let h be c(-5). Let v(u) = u**2 - 2*u - 5. Calculate the remainder when x(h) is divided by v(5).
7
Let n(r) = 2*r**3 + 0 - 1 + 2*r**2 + 0*r + r. Let p be n(2). Let y = 44 - p. Calculate the remainder when y is divided by 7.
5
Let g = -10 + 17. Let a(r) = -r**2 - 2*r + 6. Let l(n) = 6*n**2 + 9*n - 30. Let x(q) = 11*a(q) + 2*l(q). Calculate the remainder when x(g) is divided by 14.
13
Suppose 51 = 8*y - 29. What is the remainder when 18 is divided by y?
8
Let d(p) = -14*p. What is the remainder when 55 is divided by d(-1)?
13
What is the remainder when (-1)/(14/(-156))*7 is divided by 20?
18
Let t(s) = 11*s + 36. Suppose -3*m + 23 = 2*p + 2*p, -3*p - 5*m = -31. Calculate the remainder when t(-3) is divided by p/(-3) + 16/6.
1
Let j(n) = 6*n. What is the remainder when 11 - -2 - (-72)/(-18) is divided by j(1)?
3
Suppose 0 = -2*l + 20 + 8. What is the remainder when 53 is divided by l?
11
Suppose -z + 4*l = -6*z + 145, z + 4*l = 29. What is the remainder when z is divided by 8?
5
Suppose -5*h - 9 - 11 = 0, 0 = -3*x + 2*h + 20. Suppose -3*n = -x*i - 142 - 70, 5*n - 295 = -5*i. What is the remainder when n is divided by 22?
20
Let t(d) = -d + 13. Calculate the remainder when t(9) is divided by ((-4)/10)/((-1)/5).
0
Suppose 0 = 4*z - 12 + 4. Suppose 6*f + 20 = z*f. Let s = 7 + f. Calculate the remainder when 5 is divided by s.
1
Let r(j) = -j**3 - 2*j**2 - 2*j. Suppose -27 = -3*b - q, -3*q + 18 = 3*b - 5*q. What is the remainder when (-17 + b)/(0 + -1) is divided by r(-2)?
1
What is the remainder when (7 - 5)*(-111)/(-6) is divided by 20?
17
Let i(r) = -r**2 + 6*r - 4. Calculate the remainder when 5 is divided by i(4).
1
Suppose n - 110 = 36. What is the remainder when n is divided by 37?
35
Let l(c) = c**3 - 5*c**2 - 6*c + 3. Let h be l(6). Suppose -16 = -h*g + 32. Calculate the remainder when 46 is divided by g.
14
Let o(a) = -22*a - 23. What is the remainder when o(-3) is divided by 4?
3
Let t = -6 + 14. Suppose v = -3*v + 40. Suppose -v = -2*m - 5*x, 4*x - 3*x + 20 = 4*m. What is the remainder when t is divided by m?
3
Let y(t) = -2*t**2 - 48*t + 5. Calculate the remainder when y(-21) is divided by 17.
12
Suppose 0 = 4*p - 0*p - 24. Suppose -4*r - o = -3*o, 0 = 2*r + 5*o + 24. What is the remainder when (2 - 3)/(r/22) is divided by p?
5
Suppose 0*t = -3*t + 45. Calculate the remainder when 27 is divided by t.
12
Suppose -3*p + 4 = -5*f, 5*f - p + 1 = 3*f. Let o = 3 + f. Calculate the remainder when 7 is divided by o.
3
Let i(s) = s**2 + 5*s - 4. Let v be i(-7). Suppose 0 = 2*t + v - 34. What is the remainder when 47 is divided by t?
11
Suppose 2*f + 318 = 5*f. Suppose 5*o = 3*t + 150, 2*o - 4*t = -o + 101. What is the remainder when f is divided by o?
25
Suppose 3*t = 2*r + 162, -5*r = -3*t + 102 + 294. Calculate the remainder when ((-1)/2)/(3/r) is divided by 4.
1
Let b(x) = -x**3 - 8*x**2 - 10*x + 1. Let y be (-16)/6*(-9)/6. Suppose -3*p = -p + k + 13, y*k - 11 = p. What is the remainder when b(p) is divided by 12?
10
What is the remainder when (2 - 3/1)*-29 is divided by 5/(-2)*22/(-5)?
7
Suppose 3*u - 36 = -u. What is the remainder when (-1 - -40)*10/15 is divided by u?
8
Let h(r) = -r**3 - 15*r**2 + 12*r - 31. What is the remainder when 108 is divided by h(-16)?
9
Suppose 0 = -0*g - 3*g + 105. Let x(d) = 5*d - 7. Calculate the remainder when g is divided by x(5).
17
Let j = 6 - 1. Let h(d) = 3*d - 6. Let x(c) = -6*c + 11. Let y(o) = 5*h(o) + 3*x(o). Calculate the remainder when y(-2) is divided by j.
4
Let z(l) = -2*l + 19. What is the remainder when z(-9) is divided by 4?
1
Suppose 2*u = -u + 87. Suppose -4*o = 5*w - 37, o = -4*w - 2*o + u. What is the remainder when w is divided by 3?
2
Let a = 14 - 3. What is the remainder when 516/26 + 4/26 is divided by a?
9
Let y be 2/(-3) - 44/(-3). Suppose -u - y = -2*i + u, -3*u - 17 = -2*i. Calculate the remainder when 13 is divided by (-2)/(-1 - 1) + i.
3
Suppose -6*v + 78 = -24. What is the remainder when v is divided by 5?
2
Suppose -5*l = -2*h - 168, 3*l - 4*l + 5*h = -29. Suppose y = 2*y + l. Let g = -8 - y. What is the remainder when g is divided by 9?
8
Let k = 74 - 50. Suppose -4*i + 0*i + k = 0. Let h = 51 + -35. Calculate the remainder when h is divided by i.
4
Suppose 0 = 4*q - 3*q - 20. What is the remainder when 59 is divided by q?
19
Suppose -1 = 3*v + 8. Let k be ((0/v)/(-1))/1. What is the remainder when 1 is divided by -1 + 1 - (-1 + k)?
0
Calculate the remainder when (-4)/6 + 550/33 is divided by (11 - 9)/(1/3).
4
Let t(n) = n**2 - 8*n - 1. Let w be t(7). Let g = w + 6. What is the remainder when 13 is divided by g/(3*(-4)/30)?
3
Let s(n) = -3*n - 3. Let d(k) = -k. Let f be d(-5). Suppose h + 2 = -h, -2*l + f*h = -21. What is the remainder when s(-6) is divided by l?
7
Calculate the remainder when (0 + 14/3)*3 is divided by 4.
2
Suppose 0 = i + 2*i - 99. What is the remainder when i is divided by 18?
15
Suppose 20 = 4*i, 4*i + 24 = 6*d - 2*d. What is the remainder when d is divided by 7?
4
Suppose 6*x - 88 = 2*x. Calculate the remainder when 82 is divided by x.
16
Let g = 25 + 15. What is the remainder when g is divided by 14?
12
Suppose 1 = 3*n + 3*j - 5, 2*j - 12 = -4*n. Calculate the remainder when 36 is divided by (19/n)/(1/4).
17
Let k(v) = 20*v**2 + 3*v + 3. What is the remainder when k(-1) is divided by 6?
2
What is the remainder when 118 is divided by -7 - -23 - 4*1?
10
Let j = 225 - 138. What is the remainder when j is divided by 10?
7
Suppose 2*s + 22 = 4*w, -w + 4*s = -s - 28. What is the remainder when (-74)/(-14) - (-4)/(-14) is divided by w?
2
Let v(o) = -12*o**3 - 2*o**2 + 1. Calculate the remainder when 21 is divided by v(-1).
10
Let f(u) = -14*u + 5. Calculate the remainder when 279 is divided by f(-3).
44
Suppose 60 = 5*h + 3*i, 0 = 4*h + 2*i - 18 - 30. Calculate the remainder when 35 + 0/(-1*2) is divided by h.
11
Suppose a - 4 = 41. Let h = 9 - -3. What is the remainder when a is divided by h?
9
Suppose 0 = 4*m - 4*u, 5 = 2*m - 0*u - u. What is the remainder when 8 is divided by m?
3
Suppose -57 - 203 = -4*y. Suppose -x + y = -0*x. What is the remainder when x is divided by 11?
10
Suppose -2*h + 3*t + 137 = 0, 0 = 3*h - t - 0*t - 202. What is the remainder when h is divided by 19?
10
Let n(r) = 2*r**2 - 12*r + 11. Let m be (-2)/5 - (-252)/30. What is the remainder when n(m) is divided by 15?
13
Suppose 3*v + 3*t = 4 - 55, v - 2*t + 17 = 0. Let n = v - -24. Calculate the remainder when n is divided by 4.
3
Suppose 0 = -5*k + k + 52. What is the remainder when 25 is divided by k?
12
What is the remainder when 4 + 4 + (0 - -1) is divided by 6?
3
Let k(c) = 3*c - 3 - 5*c - 2*c**2 + c**2. Let a be k(-3). Let n(l) = l**3 + 7*l**2 + l - 1. Calculate the remainder when n(a) is divided by 10.
9
Let g = -5 - -29. Suppose 0 = -5*i + 18 + 27. Suppose 0 = -0*c - c + i. What is the remainder when g is divided by c?
6
Let u(t) = -t - 1. Let j be u(-1). Suppose 0 = v - 4 - j. Suppose 0 = v*l - l - 45. What is the remainder when 28 is divided by l?
13
Suppose 1 = 3*j - 83. Calculate the remainder when j is divided by 15.
13
Let z = 130 + -93. What is the remainder when z is divided by 3*(-52)/(-36)*3?
11
Let r be -15*3/(-18)*-8. Let x = 41 + r. Let c = x - 10. What is the remainder when 32 is divided by c?
10
Suppose 3*c + 2*c = 55. Calculate the remainder when c is divided by 3.
2
Let t(y) = y**3 - 3*y**2 - 7*y - 1. What is the remainder when 40 is divided by t(5)?
12
Suppose -2*a - 14 = -u, 33 = 2*u - 9*a + 4*a. Suppose 2*x - 6 = u. What is the remainder when 10 - 7/(7/(-4)) is divided by x?
4
Let n = 111 - 102. What is the remainder when n is divided by 2?
1
Suppose s - 1 = u, 4*u - 18 = 2*u - 2*s. Suppose -5*h - 17 = -w, u*h + h = -15. What is the remainder when 